{"id":3866,"date":"2016-06-13T19:11:22","date_gmt":"2016-06-13T16:11:22","guid":{"rendered":"http:\/\/duygusoysal.com\/?page_id=3866"},"modified":"2017-03-28T15:20:14","modified_gmt":"2017-03-28T12:20:14","slug":"takilar","status":"publish","type":"page","link":"https:\/\/duygusoysal.com\/index.php\/takilar\/","title":{"rendered":"Tak\u0131 Ta\u00e7 ve Bro\u015flar"},"content":{"rendered":"<div  data-min-height=\"\" style=\"min-height:px;\" class=\"   vc_row wpb_row vc_row-fluid\"><div class=\"wpb_column vc_column_container vc_col-sm-12\"><div class=\"wpb_wrapper\"><!-- vc_grid start -->\n<div class=\"vc_grid-container-wrapper vc_clearfix\">\n\t<div class=\"vc_grid-container vc_clearfix wpb_content_element vc_basic_grid\"\n\t     data-vc-grid-settings=\"{&quot;page_id&quot;:3866,&quot;style&quot;:&quot;all&quot;,&quot;action&quot;:&quot;vc_get_vc_grid_data&quot;,&quot;animation_in&quot;:&quot;zoomIn&quot;,&quot;shortcode_id&quot;:&quot;{failed_to_get_id:\\&quot;vc_gid:1465834984566-8a091c19-6c5f-6\\&quot;}&quot;,&quot;tag&quot;:&quot;vc_basic_grid&quot;}\"\n\t     data-vc-request=\"\/wp-admin\/admin-ajax.php\"\n\t     data-vc-post-id=\"3866\">\n\t<\/div>\n<\/div><!-- vc_grid end --><\/div><\/div><\/div>\n","protected":false},"excerpt":{"rendered":"<a class=\"more-link\" href=\"https:\/\/duygusoysal.com\/index.php\/takilar\/\">Devam\u0131n\u0131 Oku >>><\/a>","protected":false},"author":2,"featured_media":0,"parent":0,"menu_order":0,"comment_status":"open","ping_status":"open","template":"page-full.php","meta":[],"_links":{"self":[{"href":"https:\/\/duygusoysal.com\/index.php\/wp-json\/wp\/v2\/pages\/3866"}],"collection":[{"href":"https:\/\/duygusoysal.com\/index.php\/wp-json\/wp\/v2\/pages"}],"about":[{"href":"https:\/\/duygusoysal.com\/index.php\/wp-json\/wp\/v2\/types\/page"}],"author":[{"embeddable":true,"href":"https:\/\/duygusoysal.com\/index.php\/wp-json\/wp\/v2\/users\/2"}],"replies":[{"embeddable":true,"href":"https:\/\/duygusoysal.com\/index.php\/wp-json\/wp\/v2\/comments?post=3866"}],"version-history":[{"count":5,"href":"https:\/\/duygusoysal.com\/index.php\/wp-json\/wp\/v2\/pages\/3866\/revisions"}],"predecessor-version":[{"id":4004,"href":"https:\/\/duygusoysal.com\/index.php\/wp-json\/wp\/v2\/pages\/3866\/revisions\/4004"}],"wp:attachment":[{"href":"https:\/\/duygusoysal.com\/index.php\/wp-json\/wp\/v2\/media?parent=3866"}],"curies":[{"name":"wp","href":"https:\/\/api.w.org\/{rel}","templated":true}]}}