{"id":3542,"date":"2015-08-30T17:50:47","date_gmt":"2015-08-30T14:50:47","guid":{"rendered":"http:\/\/duygusoysal.com\/?post_type=product&#038;p=3542"},"modified":"2018-03-29T18:11:07","modified_gmt":"2018-03-29T15:11:07","slug":"3542","status":"publish","type":"product","link":"https:\/\/duygusoysal.com\/index.php\/urun\/3542\/","title":{"rendered":"Martin Mystere Set"},"content":{"rendered":"<p data-reactid=\".1.0.0.0.2.1.0.0\"><span data-reactid=\".1.0.0.0.2.1.0.0.1\"><span data-reactid=\".1.0.0.0.2.1.0.0.1.$text0:0:$text0:0\">Bowl, bottles, tray..all of them are recycled paper and Martin Mystere?\u267b&#8230; Ka\u011f\u0131t hamurundan \u015fekillendirilmi\u015f, \u00e7izgiroman kolaj kaplama set..<\/span><\/span><\/p>\n","protected":false},"excerpt":{"rendered":"<p><span data-reactid=\".1.0.0.0.2.1.0.0.1\"><span data-reactid=\".1.0.0.0.2.1.0.0.1.$text0:0:$text0:0\">Bowl, bottles, tray..all of them are recycled paper and Martin Mystere?\u267b&#8230; Ka\u011f\u0131t hamurundan \u015fekillendirilmi\u015f, \u00e7izgiroman kolaj kaplama set..<\/span><\/span><\/p>\n<a class=\"more-link\" href=\"https:\/\/duygusoysal.com\/index.php\/urun\/3542\/\">Devam\u0131n\u0131 Oku >>><\/a>","protected":false},"featured_media":4200,"comment_status":"open","ping_status":"closed","template":"","meta":[],"product_cat":[212],"product_tag":[377,213,374,375,356,373,310,264,378,381,258,380,376,243,244,379],"_links":{"self":[{"href":"https:\/\/duygusoysal.com\/index.php\/wp-json\/wp\/v2\/product\/3542"}],"collection":[{"href":"https:\/\/duygusoysal.com\/index.php\/wp-json\/wp\/v2\/product"}],"about":[{"href":"https:\/\/duygusoysal.com\/index.php\/wp-json\/wp\/v2\/types\/product"}],"replies":[{"embeddable":true,"href":"https:\/\/duygusoysal.com\/index.php\/wp-json\/wp\/v2\/comments?post=3542"}],"wp:featuredmedia":[{"embeddable":true,"href":"https:\/\/duygusoysal.com\/index.php\/wp-json\/wp\/v2\/media\/4200"}],"wp:attachment":[{"href":"https:\/\/duygusoysal.com\/index.php\/wp-json\/wp\/v2\/media?parent=3542"}],"wp:term":[{"taxonomy":"product_cat","embeddable":true,"href":"https:\/\/duygusoysal.com\/index.php\/wp-json\/wp\/v2\/product_cat?post=3542"},{"taxonomy":"product_tag","embeddable":true,"href":"https:\/\/duygusoysal.com\/index.php\/wp-json\/wp\/v2\/product_tag?post=3542"}],"curies":[{"name":"wp","href":"https:\/\/api.w.org\/{rel}","templated":true}]}}