{"id":3551,"date":"2015-08-30T18:03:37","date_gmt":"2015-08-30T15:03:37","guid":{"rendered":"http:\/\/duygusoysal.com\/?post_type=product&#038;p=3551"},"modified":"2015-08-31T14:11:15","modified_gmt":"2015-08-31T11:11:15","slug":"sophia-loren-kase","status":"publish","type":"product","link":"https:\/\/duygusoysal.com\/index.php\/urun\/sophia-loren-kase\/","title":{"rendered":"Sophia Loren Kase"},"content":{"rendered":"<p><span id=\"fbPhotoSnowliftCaption\" class=\"fbPhotosPhotoCaption\" tabindex=\"0\" data-ft=\"{&quot;tn&quot;:&quot;K&quot;}\"><span class=\"hasCaption\">Recycled newspaper, acrylic paint, Hayat Magazine April 1958, June 1959, November 1958 \/<br \/>\nGazete ka\u011f\u0131d\u0131, akrilik boya, Hayat Dergisi Nisan 1958, Haziran 1959, Kas\u0131m 1958<\/span><\/span><\/p>\n","protected":false},"excerpt":{"rendered":"<p><span id=\"fbPhotoSnowliftCaption\" class=\"fbPhotosPhotoCaption\" tabindex=\"0\" data-ft=\"{&quot;tn&quot;:&quot;K&quot;}\"><span class=\"hasCaption\">Recycled newspaper, acrylic paint, Hayat Magazine April 1958, June 1959, November 1958 \/<br \/>\nGazete ka\u011f\u0131d\u0131, akrilik boya, Hayat Dergisi Nisan 1958, Haziran 1959, Kas\u0131m 1958<\/span><\/span><\/p>\n<a class=\"more-link\" href=\"https:\/\/duygusoysal.com\/index.php\/urun\/sophia-loren-kase\/\">Devam\u0131n\u0131 Oku >>><\/a>","protected":false},"featured_media":3562,"comment_status":"open","ping_status":"closed","template":"","meta":[],"product_cat":[212],"product_tag":[235,213,240,237,236,229,231,209,234,228,239],"_links":{"self":[{"href":"https:\/\/duygusoysal.com\/index.php\/wp-json\/wp\/v2\/product\/3551"}],"collection":[{"href":"https:\/\/duygusoysal.com\/index.php\/wp-json\/wp\/v2\/product"}],"about":[{"href":"https:\/\/duygusoysal.com\/index.php\/wp-json\/wp\/v2\/types\/product"}],"replies":[{"embeddable":true,"href":"https:\/\/duygusoysal.com\/index.php\/wp-json\/wp\/v2\/comments?post=3551"}],"wp:featuredmedia":[{"embeddable":true,"href":"https:\/\/duygusoysal.com\/index.php\/wp-json\/wp\/v2\/media\/3562"}],"wp:attachment":[{"href":"https:\/\/duygusoysal.com\/index.php\/wp-json\/wp\/v2\/media?parent=3551"}],"wp:term":[{"taxonomy":"product_cat","embeddable":true,"href":"https:\/\/duygusoysal.com\/index.php\/wp-json\/wp\/v2\/product_cat?post=3551"},{"taxonomy":"product_tag","embeddable":true,"href":"https:\/\/duygusoysal.com\/index.php\/wp-json\/wp\/v2\/product_tag?post=3551"}],"curies":[{"name":"wp","href":"https:\/\/api.w.org\/{rel}","templated":true}]}}