{"id":3658,"date":"2015-09-16T13:51:13","date_gmt":"2015-09-16T10:51:13","guid":{"rendered":"http:\/\/duygusoysal.com\/?post_type=product&#038;p=3658"},"modified":"2018-03-29T19:16:48","modified_gmt":"2018-03-29T16:16:48","slug":"charles-dickens-tepsi-pano","status":"publish","type":"product","link":"https:\/\/duygusoysal.com\/index.php\/urun\/charles-dickens-tepsi-pano\/","title":{"rendered":"Charles Dickens Tepsi Pano"},"content":{"rendered":"<p data-reactid=\".6.0.0.0.2.1.0.0\"><span data-reactid=\".6.0.0.0.2.1.0.0.1\"><span data-reactid=\".6.0.0.0.2.1.0.0.1.$text0:0:$text0:0\">Continue reading the book of Charles Dickens \u263a&#8230;A big big big paper tray\u203c<\/span><\/span><\/p>\n<p data-reactid=\".6.0.0.0.2.1.0.0\"><span data-reactid=\".6.0.0.0.2.1.0.0.1\"><span data-reactid=\".6.0.0.0.2.1.0.0.1.$text0:0:$end:0\">Charles Dickens&#8217;\u0131n \u0130ki \u015eehrin Hikayesi kitab\u0131n\u0131n devam\u0131 bu kocaman tepside?<\/span><\/span><\/p>\n<p data-reactid=\".6.0.0.0.2.1.0.0\">71x55cm.<\/p>\n","protected":false},"excerpt":{"rendered":"<p data-reactid=\".6.0.0.0.2.1.0.0\"><span data-reactid=\".6.0.0.0.2.1.0.0.1\"><span data-reactid=\".6.0.0.0.2.1.0.0.1.$text0:0:$text0:0\">Continue reading the book of Charles Dickens \u263a&#8230;A big big big paper tray\u203c<\/span><\/span><\/p>\n<p data-reactid=\".6.0.0.0.2.1.0.0\"><span data-reactid=\".6.0.0.0.2.1.0.0.1\"><span data-reactid=\".6.0.0.0.2.1.0.0.1.$text0:0:$end:0\">Charles Dickens&#8217;\u0131n \u0130ki \u015eehrin Hikayesi kitab\u0131n\u0131n devam\u0131 bu kocaman tepside?<\/span><\/span><\/p>\n<p data-reactid=\".6.0.0.0.2.1.0.0\">71x55cm.<\/p>\n<a class=\"more-link\" href=\"https:\/\/duygusoysal.com\/index.php\/urun\/charles-dickens-tepsi-pano\/\">Devam\u0131n\u0131 Oku >>><\/a>","protected":false},"featured_media":4216,"comment_status":"open","ping_status":"closed","template":"","meta":[],"product_cat":[212],"product_tag":[261,260,258,243,244,259],"_links":{"self":[{"href":"https:\/\/duygusoysal.com\/index.php\/wp-json\/wp\/v2\/product\/3658"}],"collection":[{"href":"https:\/\/duygusoysal.com\/index.php\/wp-json\/wp\/v2\/product"}],"about":[{"href":"https:\/\/duygusoysal.com\/index.php\/wp-json\/wp\/v2\/types\/product"}],"replies":[{"embeddable":true,"href":"https:\/\/duygusoysal.com\/index.php\/wp-json\/wp\/v2\/comments?post=3658"}],"wp:featuredmedia":[{"embeddable":true,"href":"https:\/\/duygusoysal.com\/index.php\/wp-json\/wp\/v2\/media\/4216"}],"wp:attachment":[{"href":"https:\/\/duygusoysal.com\/index.php\/wp-json\/wp\/v2\/media?parent=3658"}],"wp:term":[{"taxonomy":"product_cat","embeddable":true,"href":"https:\/\/duygusoysal.com\/index.php\/wp-json\/wp\/v2\/product_cat?post=3658"},{"taxonomy":"product_tag","embeddable":true,"href":"https:\/\/duygusoysal.com\/index.php\/wp-json\/wp\/v2\/product_tag?post=3658"}],"curies":[{"name":"wp","href":"https:\/\/api.w.org\/{rel}","templated":true}]}}