{"id":3665,"date":"2015-09-16T15:06:43","date_gmt":"2015-09-16T12:06:43","guid":{"rendered":"http:\/\/duygusoysal.com\/?post_type=product&#038;p=3665"},"modified":"2018-03-29T19:15:08","modified_gmt":"2018-03-29T16:15:08","slug":"kagit-kase","status":"publish","type":"product","link":"https:\/\/duygusoysal.com\/index.php\/urun\/kagit-kase\/","title":{"rendered":"Ka\u011f\u0131t Kase"},"content":{"rendered":"<p><span id=\"fbPhotoSnowliftCaption\" class=\"fbPhotosPhotoCaption\" tabindex=\"0\" data-ft=\"{&quot;tn&quot;:&quot;K&quot;}\"><span class=\"hasCaption\">Paper, Hayat Magazine, acrylic paint\/<br \/>\nHayat Dergisi ve ka\u011f\u0131t hamurlar yeniden bulu\u015furken..<br \/>\nR29 x h9 cm.<\/span><\/span><\/p>\n","protected":false},"excerpt":{"rendered":"<p><span id=\"fbPhotoSnowliftCaption\" class=\"fbPhotosPhotoCaption\" tabindex=\"0\" data-ft=\"{&quot;tn&quot;:&quot;K&quot;}\"><span class=\"hasCaption\">Paper, Hayat Magazine, acrylic paint\/<br \/>\nHayat Dergisi ve ka\u011f\u0131t hamurlar yeniden bulu\u015furken..<br \/>\nR29 x h9 cm.<\/span><\/span><\/p>\n<a class=\"more-link\" href=\"https:\/\/duygusoysal.com\/index.php\/urun\/kagit-kase\/\">Devam\u0131n\u0131 Oku >>><\/a>","protected":false},"featured_media":4206,"comment_status":"open","ping_status":"closed","template":"","meta":[],"product_cat":[212],"product_tag":[213,265,209,234,258],"_links":{"self":[{"href":"https:\/\/duygusoysal.com\/index.php\/wp-json\/wp\/v2\/product\/3665"}],"collection":[{"href":"https:\/\/duygusoysal.com\/index.php\/wp-json\/wp\/v2\/product"}],"about":[{"href":"https:\/\/duygusoysal.com\/index.php\/wp-json\/wp\/v2\/types\/product"}],"replies":[{"embeddable":true,"href":"https:\/\/duygusoysal.com\/index.php\/wp-json\/wp\/v2\/comments?post=3665"}],"wp:featuredmedia":[{"embeddable":true,"href":"https:\/\/duygusoysal.com\/index.php\/wp-json\/wp\/v2\/media\/4206"}],"wp:attachment":[{"href":"https:\/\/duygusoysal.com\/index.php\/wp-json\/wp\/v2\/media?parent=3665"}],"wp:term":[{"taxonomy":"product_cat","embeddable":true,"href":"https:\/\/duygusoysal.com\/index.php\/wp-json\/wp\/v2\/product_cat?post=3665"},{"taxonomy":"product_tag","embeddable":true,"href":"https:\/\/duygusoysal.com\/index.php\/wp-json\/wp\/v2\/product_tag?post=3665"}],"curies":[{"name":"wp","href":"https:\/\/api.w.org\/{rel}","templated":true}]}}