{"id":3841,"date":"2016-06-13T18:39:10","date_gmt":"2016-06-13T15:39:10","guid":{"rendered":"http:\/\/duygusoysal.com\/?post_type=product&#038;p=3841"},"modified":"2017-03-28T18:00:24","modified_gmt":"2017-03-28T15:00:24","slug":"yves-rocher-topragin-kadinlari","status":"publish","type":"product","link":"https:\/\/duygusoysal.com\/index.php\/urun\/yves-rocher-topragin-kadinlari\/","title":{"rendered":"Yves Rocher &#8216;Topra\u011f\u0131n Kad\u0131nlar\u0131&#8217;"},"content":{"rendered":"<p><a href=\"http:\/\/duygusoysal.com\/wp-content\/uploads\/2016\/06\/1937213_1584255445231754_8505655914134004405_n.jpg\"><img loading=\"lazy\" class=\"alignnone size-medium wp-image-3836\" src=\"http:\/\/duygusoysal.com\/wp-content\/uploads\/2016\/06\/1937213_1584255445231754_8505655914134004405_n-300x169.jpg\" alt=\"1937213_1584255445231754_8505655914134004405_n\" width=\"300\" height=\"169\" srcset=\"https:\/\/duygusoysal.com\/wp-content\/uploads\/2016\/06\/1937213_1584255445231754_8505655914134004405_n-300x169.jpg 300w, https:\/\/duygusoysal.com\/wp-content\/uploads\/2016\/06\/1937213_1584255445231754_8505655914134004405_n-80x45.jpg 80w, https:\/\/duygusoysal.com\/wp-content\/uploads\/2016\/06\/1937213_1584255445231754_8505655914134004405_n.jpg 960w\" sizes=\"(max-width: 300px) 100vw, 300px\" \/><\/a><\/p>\n","protected":false},"excerpt":{"rendered":"<p>Yves Rocher Vakf\u0131&#8217;n\u0131n T\u00fcrkiye&#8217;de ilk kez d\u00fczenlenen, &#8221;Topra\u011f\u0131n Kad\u0131nlar\u0131&#8221; projesi \u00f6d\u00fcl t\u00f6reni, 8 Mart D\u00fcnya Emek\u00e7i Kad\u0131nlar G\u00fcn\u00fc&#8217;nde Frans\u0131z Saray\u0131&#8217;nda ger\u00e7ekle\u015ftirildi. \u00d6d\u00fcl t\u00f6reni i\u00e7in haz\u0131rlad\u0131\u011f\u0131m \u00e7i\u00e7ekler i\u015fte burada.)<\/p>\n<a class=\"more-link\" href=\"https:\/\/duygusoysal.com\/index.php\/urun\/yves-rocher-topragin-kadinlari\/\">Devam\u0131n\u0131 Oku >>><\/a>","protected":false},"featured_media":3839,"comment_status":"open","ping_status":"closed","template":"","meta":[],"product_cat":[212],"product_tag":[303,398,240,237,310,229,403,308,241,264,258,309,228,239,401,402],"_links":{"self":[{"href":"https:\/\/duygusoysal.com\/index.php\/wp-json\/wp\/v2\/product\/3841"}],"collection":[{"href":"https:\/\/duygusoysal.com\/index.php\/wp-json\/wp\/v2\/product"}],"about":[{"href":"https:\/\/duygusoysal.com\/index.php\/wp-json\/wp\/v2\/types\/product"}],"replies":[{"embeddable":true,"href":"https:\/\/duygusoysal.com\/index.php\/wp-json\/wp\/v2\/comments?post=3841"}],"wp:featuredmedia":[{"embeddable":true,"href":"https:\/\/duygusoysal.com\/index.php\/wp-json\/wp\/v2\/media\/3839"}],"wp:attachment":[{"href":"https:\/\/duygusoysal.com\/index.php\/wp-json\/wp\/v2\/media?parent=3841"}],"wp:term":[{"taxonomy":"product_cat","embeddable":true,"href":"https:\/\/duygusoysal.com\/index.php\/wp-json\/wp\/v2\/product_cat?post=3841"},{"taxonomy":"product_tag","embeddable":true,"href":"https:\/\/duygusoysal.com\/index.php\/wp-json\/wp\/v2\/product_tag?post=3841"}],"curies":[{"name":"wp","href":"https:\/\/api.w.org\/{rel}","templated":true}]}}