{"id":3940,"date":"2016-11-05T16:07:06","date_gmt":"2016-11-05T14:07:06","guid":{"rendered":"http:\/\/duygusoysal.com\/?post_type=product&#038;p=3940"},"modified":"2016-11-05T16:07:46","modified_gmt":"2016-11-05T14:07:46","slug":"nazar-degmesin","status":"publish","type":"product","link":"https:\/\/duygusoysal.com\/index.php\/urun\/nazar-degmesin\/","title":{"rendered":"Nazar De\u011fmesin"},"content":{"rendered":"","protected":false},"excerpt":{"rendered":"<p>&#8216;Evil Eye Necklace&#8221; Recycled newspaper, acrylic paint, leather string \/<br \/>\n&#8221;Nazar Boncuk Kolye&#8221; Gazete ka\u011f\u0131d\u0131, akrilik boya, deri ip<\/p>\n<a class=\"more-link\" href=\"https:\/\/duygusoysal.com\/index.php\/urun\/nazar-degmesin\/\">Devam\u0131n\u0131 Oku >>><\/a>","protected":false},"featured_media":3880,"comment_status":"open","ping_status":"closed","template":"","meta":[],"product_cat":[411],"product_tag":[235,307,240,310,229,227,308,264,232,325,412,451,414,413,452],"_links":{"self":[{"href":"https:\/\/duygusoysal.com\/index.php\/wp-json\/wp\/v2\/product\/3940"}],"collection":[{"href":"https:\/\/duygusoysal.com\/index.php\/wp-json\/wp\/v2\/product"}],"about":[{"href":"https:\/\/duygusoysal.com\/index.php\/wp-json\/wp\/v2\/types\/product"}],"replies":[{"embeddable":true,"href":"https:\/\/duygusoysal.com\/index.php\/wp-json\/wp\/v2\/comments?post=3940"}],"wp:featuredmedia":[{"embeddable":true,"href":"https:\/\/duygusoysal.com\/index.php\/wp-json\/wp\/v2\/media\/3880"}],"wp:attachment":[{"href":"https:\/\/duygusoysal.com\/index.php\/wp-json\/wp\/v2\/media?parent=3940"}],"wp:term":[{"taxonomy":"product_cat","embeddable":true,"href":"https:\/\/duygusoysal.com\/index.php\/wp-json\/wp\/v2\/product_cat?post=3940"},{"taxonomy":"product_tag","embeddable":true,"href":"https:\/\/duygusoysal.com\/index.php\/wp-json\/wp\/v2\/product_tag?post=3940"}],"curies":[{"name":"wp","href":"https:\/\/api.w.org\/{rel}","templated":true}]}}