{"id":3958,"date":"2016-11-11T12:25:18","date_gmt":"2016-11-11T10:25:18","guid":{"rendered":"http:\/\/duygusoysal.com\/?post_type=product&#038;p=3958"},"modified":"2018-03-30T15:37:56","modified_gmt":"2018-03-30T12:37:56","slug":"calla-lillies-wedding-bouquet","status":"publish","type":"product","link":"https:\/\/duygusoysal.com\/index.php\/urun\/calla-lillies-wedding-bouquet\/","title":{"rendered":"Calla Lillies Wedding Bouquet"},"content":{"rendered":"","protected":false},"excerpt":{"rendered":"<p><span id=\"fbPhotoSnowliftCaption\" class=\"fbPhotosPhotoCaption\" tabindex=\"0\" data-ft=\"{&quot;tn&quot;:&quot;K&quot;}\"><span class=\"hasCaption\">Paper Calla Lillies <span class=\"_47e3\" title=\"smile ifade simgesi\"><span class=\"_7oe\">\ud83d\ude42<\/span><\/span> Kala Zambak&#8217;l\u0131 Sonbahar \u2740 <span class=\"_5mfr _47e3\"><span class=\"_7oe\">\u2764<\/span><\/span> Ekim ay\u0131 i\u00e7erisinde \u00e7ok tatl\u0131 bir d\u00fc\u011f\u00fcn i\u00e7in, kala zambak konseptli ka\u011f\u0131t \u00e7i\u00e7ekler haz\u0131rlam\u0131\u015ft\u0131m. Hemen akabinde bir ba\u015fka do\u011fa sever \u00e7iftin Kas\u0131m d\u00fc\u011f\u00fcn\u00fc i\u00e7in de zambak haz\u0131rlamak k\u0131smet oldu..Sonbahar bol zambakl\u0131 ge\u00e7ti \u2740\u2740\u2740<\/span><\/span><span id=\"fbPhotoSnowliftTagList\" class=\"fbPhotoTagList\"><span class=\"fcg\">\u00a0<\/span><\/span><\/p>\n<p>Paper Calla Lillies <span class=\"_47e3\" title=\"smile ifade simgesi\"><span class=\"_7oe\">\ud83d\ude42<\/span><\/span> Evet \u015fimdiye kadar kimsenin \u00e7i\u00e7e\u011fini f\u0131rlatmad\u0131\u011f\u0131n\u0131 biliyorum:) \u00c7\u00fcnk\u00fc sonras\u0131nda asla unutulmaz dekoratif bir sembol olarak evlerde yerini al\u0131yor.<span class=\"_5mfr _47e3\"><span class=\"_7oe\">\u2764<\/span><\/span><span class=\"_5mfr _47e3\"><span class=\"_7oe\">\u2764<\/span><\/span><span class=\"_5mfr _47e3\"><span class=\"_7oe\">\u2764<\/span><\/span><\/p>\n<p>&nbsp;<\/p>\n<p>Do\u011fa a\u015f\u0131\u011f\u0131, fark\u0131nda \u00e7iftlere bay\u0131l\u0131yorum <span class=\"_5mfr _47e3\"><span class=\"_7oe\">\u2764<\/span><\/span> Sevgili\u00a0<a href=\"https:\/\/www.facebook.com\/elvanacar\" data-hovercard=\"\/ajax\/hovercard\/user.php?id=725508732&amp;extragetparams=%7B%22directed_target_id%22%3A0%7D\">Elvan Acar S\u00f6nmez<\/a> ve <a href=\"https:\/\/www.facebook.com\/yoldas.sonmez\" data-hovercard=\"\/ajax\/hovercard\/user.php?id=722487465&amp;extragetparams=%7B%22directed_target_id%22%3A0%7D\">Yoldas Sonmez<\/a>&#8216; e sonsuz mutluluklar.\u00a0Ayr\u0131ca 4478 Tasar\u0131m Ofisi imzal\u0131 olan \u00e7ekimler i\u00e7in de sevgili <a href=\"https:\/\/www.facebook.com\/fatihatakan.sari\" data-hovercard=\"\/ajax\/hovercard\/user.php?id=100000579128891&amp;extragetparams=%7B%22directed_target_id%22%3A0%7D\">Fatih Atakan Sari<\/a>\u00a0&#8216;n\u0131n viz\u00f6r\u00fcne sa\u011fl\u0131k.<\/p>\n<a class=\"more-link\" href=\"https:\/\/duygusoysal.com\/index.php\/urun\/calla-lillies-wedding-bouquet\/\">Devam\u0131n\u0131 Oku >>><\/a>","protected":false},"featured_media":3955,"comment_status":"open","ping_status":"closed","template":"","meta":[],"product_cat":[218],"product_tag":[235,307,222,303,461,456,240,237,236,229,329,306,305,460,241,264,457,325,311,258,309,239,304,312],"_links":{"self":[{"href":"https:\/\/duygusoysal.com\/index.php\/wp-json\/wp\/v2\/product\/3958"}],"collection":[{"href":"https:\/\/duygusoysal.com\/index.php\/wp-json\/wp\/v2\/product"}],"about":[{"href":"https:\/\/duygusoysal.com\/index.php\/wp-json\/wp\/v2\/types\/product"}],"replies":[{"embeddable":true,"href":"https:\/\/duygusoysal.com\/index.php\/wp-json\/wp\/v2\/comments?post=3958"}],"wp:featuredmedia":[{"embeddable":true,"href":"https:\/\/duygusoysal.com\/index.php\/wp-json\/wp\/v2\/media\/3955"}],"wp:attachment":[{"href":"https:\/\/duygusoysal.com\/index.php\/wp-json\/wp\/v2\/media?parent=3958"}],"wp:term":[{"taxonomy":"product_cat","embeddable":true,"href":"https:\/\/duygusoysal.com\/index.php\/wp-json\/wp\/v2\/product_cat?post=3958"},{"taxonomy":"product_tag","embeddable":true,"href":"https:\/\/duygusoysal.com\/index.php\/wp-json\/wp\/v2\/product_tag?post=3958"}],"curies":[{"name":"wp","href":"https:\/\/api.w.org\/{rel}","templated":true}]}}