{"id":3996,"date":"2017-03-28T15:05:50","date_gmt":"2017-03-28T12:05:50","guid":{"rendered":"http:\/\/duygusoysal.com\/?post_type=product&#038;p=3996"},"modified":"2018-03-30T15:34:50","modified_gmt":"2018-03-30T12:34:50","slug":"papatyalar","status":"publish","type":"product","link":"https:\/\/duygusoysal.com\/index.php\/urun\/papatyalar\/","title":{"rendered":"Papatyalar"},"content":{"rendered":"","protected":false},"excerpt":{"rendered":"<p>Bahar papatyas\u0131z olmaz:) K\u0131r d\u00fc\u011f\u00fcnleri i\u00e7in en do\u011fal buketler papatya sevenler i\u00e7in.<\/p>\n<a class=\"more-link\" href=\"https:\/\/duygusoysal.com\/index.php\/urun\/papatyalar\/\">Devam\u0131n\u0131 Oku >>><\/a>","protected":false},"featured_media":4259,"comment_status":"open","ping_status":"closed","template":"","meta":[],"product_cat":[218,212],"product_tag":[484],"_links":{"self":[{"href":"https:\/\/duygusoysal.com\/index.php\/wp-json\/wp\/v2\/product\/3996"}],"collection":[{"href":"https:\/\/duygusoysal.com\/index.php\/wp-json\/wp\/v2\/product"}],"about":[{"href":"https:\/\/duygusoysal.com\/index.php\/wp-json\/wp\/v2\/types\/product"}],"replies":[{"embeddable":true,"href":"https:\/\/duygusoysal.com\/index.php\/wp-json\/wp\/v2\/comments?post=3996"}],"wp:featuredmedia":[{"embeddable":true,"href":"https:\/\/duygusoysal.com\/index.php\/wp-json\/wp\/v2\/media\/4259"}],"wp:attachment":[{"href":"https:\/\/duygusoysal.com\/index.php\/wp-json\/wp\/v2\/media?parent=3996"}],"wp:term":[{"taxonomy":"product_cat","embeddable":true,"href":"https:\/\/duygusoysal.com\/index.php\/wp-json\/wp\/v2\/product_cat?post=3996"},{"taxonomy":"product_tag","embeddable":true,"href":"https:\/\/duygusoysal.com\/index.php\/wp-json\/wp\/v2\/product_tag?post=3996"}],"curies":[{"name":"wp","href":"https:\/\/api.w.org\/{rel}","templated":true}]}}