{"id":4048,"date":"2017-03-28T17:08:19","date_gmt":"2017-03-28T14:08:19","guid":{"rendered":"http:\/\/duygusoysal.com\/?post_type=product&#038;p=4048"},"modified":"2017-08-17T12:45:06","modified_gmt":"2017-08-17T09:45:06","slug":"palamut-bros","status":"publish","type":"product","link":"https:\/\/duygusoysal.com\/index.php\/urun\/palamut-bros\/","title":{"rendered":"Palamut Bro\u015f"},"content":{"rendered":"","protected":false},"excerpt":{"rendered":"<p>Do\u011faya sevgiyi hat\u0131rlatan ka\u011f\u0131t bro\u015flara, palamut yakla\u015f\u0131m\u0131. \ud83d\ude42<\/p>\n<a class=\"more-link\" href=\"https:\/\/duygusoysal.com\/index.php\/urun\/palamut-bros\/\">Devam\u0131n\u0131 Oku >>><\/a>","protected":false},"featured_media":4120,"comment_status":"open","ping_status":"closed","template":"","meta":[],"product_cat":[411],"product_tag":[235,307,462,398,240,237,236,229,308,264,325,311,490,258,309,239,259],"_links":{"self":[{"href":"https:\/\/duygusoysal.com\/index.php\/wp-json\/wp\/v2\/product\/4048"}],"collection":[{"href":"https:\/\/duygusoysal.com\/index.php\/wp-json\/wp\/v2\/product"}],"about":[{"href":"https:\/\/duygusoysal.com\/index.php\/wp-json\/wp\/v2\/types\/product"}],"replies":[{"embeddable":true,"href":"https:\/\/duygusoysal.com\/index.php\/wp-json\/wp\/v2\/comments?post=4048"}],"wp:featuredmedia":[{"embeddable":true,"href":"https:\/\/duygusoysal.com\/index.php\/wp-json\/wp\/v2\/media\/4120"}],"wp:attachment":[{"href":"https:\/\/duygusoysal.com\/index.php\/wp-json\/wp\/v2\/media?parent=4048"}],"wp:term":[{"taxonomy":"product_cat","embeddable":true,"href":"https:\/\/duygusoysal.com\/index.php\/wp-json\/wp\/v2\/product_cat?post=4048"},{"taxonomy":"product_tag","embeddable":true,"href":"https:\/\/duygusoysal.com\/index.php\/wp-json\/wp\/v2\/product_tag?post=4048"}],"curies":[{"name":"wp","href":"https:\/\/api.w.org\/{rel}","templated":true}]}}