{"id":4098,"date":"2017-08-08T13:23:46","date_gmt":"2017-08-08T10:23:46","guid":{"rendered":"http:\/\/duygusoysal.com\/?post_type=product&#038;p=4098"},"modified":"2017-08-08T13:32:23","modified_gmt":"2017-08-08T10:32:23","slug":"dogum-odasindaki-cicekler","status":"publish","type":"product","link":"https:\/\/duygusoysal.com\/index.php\/urun\/dogum-odasindaki-cicekler\/","title":{"rendered":"Do\u011fum Odas\u0131ndaki \u00c7i\u00e7ekler"},"content":{"rendered":"","protected":false},"excerpt":{"rendered":"<p>Keyifle haz\u0131rlanm\u0131\u015f bir do\u011fum odas\u0131 panosu.<\/p>\n<p>Bana geldi\u011finde beyaz zemin \u00fczerinde ku\u015f motifleri vard\u0131. Panonun geri kalan beyaz bo\u015flu\u011funu ise g\u00f6rd\u00fc\u011f\u00fcn\u00fcz ka\u011f\u0131t \u00e7i\u00e7eklerle doldurdum. Beyaz ve sade olan do\u011fum odas\u0131na g\u00fc\u00e7l\u00fc bir hava katt\u0131. Ziyaret\u00e7iler i\u00e7in haz\u0131rlanm\u0131\u015f mavi, gri, beyaz konseptteki masada, potikare kuma\u015ftan haz\u0131rlad\u0131\u011f\u0131m tohum topu keselerle de uyumlu ikili oldular.<\/p>\n<p><a href=\"http:\/\/duygusoysal.com\/index.php\/urun\/potikare-tohum-topu-keseleri\/\">http:\/\/duygusoysal.com\/index.php\/urun\/potikare-tohum-topu-keseleri\/<\/a><\/p>\n<p>Ebat: 1.50x 1.50 cm.<\/p>\n<a class=\"more-link\" href=\"https:\/\/duygusoysal.com\/index.php\/urun\/dogum-odasindaki-cicekler\/\">Devam\u0131n\u0131 Oku >>><\/a>","protected":false},"featured_media":4090,"comment_status":"open","ping_status":"closed","template":"","meta":[],"product_cat":[218],"product_tag":[317,398,487,396,390,308,260,258,309],"_links":{"self":[{"href":"https:\/\/duygusoysal.com\/index.php\/wp-json\/wp\/v2\/product\/4098"}],"collection":[{"href":"https:\/\/duygusoysal.com\/index.php\/wp-json\/wp\/v2\/product"}],"about":[{"href":"https:\/\/duygusoysal.com\/index.php\/wp-json\/wp\/v2\/types\/product"}],"replies":[{"embeddable":true,"href":"https:\/\/duygusoysal.com\/index.php\/wp-json\/wp\/v2\/comments?post=4098"}],"wp:featuredmedia":[{"embeddable":true,"href":"https:\/\/duygusoysal.com\/index.php\/wp-json\/wp\/v2\/media\/4090"}],"wp:attachment":[{"href":"https:\/\/duygusoysal.com\/index.php\/wp-json\/wp\/v2\/media?parent=4098"}],"wp:term":[{"taxonomy":"product_cat","embeddable":true,"href":"https:\/\/duygusoysal.com\/index.php\/wp-json\/wp\/v2\/product_cat?post=4098"},{"taxonomy":"product_tag","embeddable":true,"href":"https:\/\/duygusoysal.com\/index.php\/wp-json\/wp\/v2\/product_tag?post=4098"}],"curies":[{"name":"wp","href":"https:\/\/api.w.org\/{rel}","templated":true}]}}