{"id":4133,"date":"2017-08-17T13:21:36","date_gmt":"2017-08-17T10:21:36","guid":{"rendered":"http:\/\/duygusoysal.com\/?post_type=product&#038;p=4133"},"modified":"2017-08-17T13:21:36","modified_gmt":"2017-08-17T10:21:36","slug":"pembeli-guller","status":"publish","type":"product","link":"https:\/\/duygusoysal.com\/index.php\/urun\/pembeli-guller\/","title":{"rendered":"Pembeli G\u00fcller"},"content":{"rendered":"","protected":false},"excerpt":{"rendered":"<p>Yaz, g\u00fcne\u015f, renkler ve p\u0131r\u0131l p\u0131r\u0131l bir hava. S\u0131cac\u0131k bir g\u00fcn\u00fcn d\u00fc\u011f\u00fcn\u00fcnde; pembe, hi\u00e7 solmayan, bu ekolojik ya\u015fam dostu g\u00fcller de foto\u011fraf \u00e7ekimlerine ayr\u0131 bir hava kat\u0131yor.<\/p>\n<p>&gt;A\u00e7\u0131k hava foto\u011fraflar\u0131 Naturel Foto ekibinden.<\/p>\n<a class=\"more-link\" href=\"https:\/\/duygusoysal.com\/index.php\/urun\/pembeli-guller\/\">Devam\u0131n\u0131 Oku >>><\/a>","protected":false},"featured_media":4130,"comment_status":"open","ping_status":"closed","template":"","meta":[],"product_cat":[218],"product_tag":[307,222,303,398,240,236,310,229,329,306,305,400,308,264,325,258,309,423,424,499,330,239,304,312],"_links":{"self":[{"href":"https:\/\/duygusoysal.com\/index.php\/wp-json\/wp\/v2\/product\/4133"}],"collection":[{"href":"https:\/\/duygusoysal.com\/index.php\/wp-json\/wp\/v2\/product"}],"about":[{"href":"https:\/\/duygusoysal.com\/index.php\/wp-json\/wp\/v2\/types\/product"}],"replies":[{"embeddable":true,"href":"https:\/\/duygusoysal.com\/index.php\/wp-json\/wp\/v2\/comments?post=4133"}],"wp:featuredmedia":[{"embeddable":true,"href":"https:\/\/duygusoysal.com\/index.php\/wp-json\/wp\/v2\/media\/4130"}],"wp:attachment":[{"href":"https:\/\/duygusoysal.com\/index.php\/wp-json\/wp\/v2\/media?parent=4133"}],"wp:term":[{"taxonomy":"product_cat","embeddable":true,"href":"https:\/\/duygusoysal.com\/index.php\/wp-json\/wp\/v2\/product_cat?post=4133"},{"taxonomy":"product_tag","embeddable":true,"href":"https:\/\/duygusoysal.com\/index.php\/wp-json\/wp\/v2\/product_tag?post=4133"}],"curies":[{"name":"wp","href":"https:\/\/api.w.org\/{rel}","templated":true}]}}