{"id":4146,"date":"2017-08-19T15:43:52","date_gmt":"2017-08-19T12:43:52","guid":{"rendered":"http:\/\/duygusoysal.com\/?post_type=product&#038;p=4146"},"modified":"2017-08-19T15:43:52","modified_gmt":"2017-08-19T12:43:52","slug":"driftwood-mirror","status":"publish","type":"product","link":"https:\/\/duygusoysal.com\/index.php\/urun\/driftwood-mirror\/","title":{"rendered":"Driftwood Mirror"},"content":{"rendered":"","protected":false},"excerpt":{"rendered":"<p>\u00d6zellikle lodos sonras\u0131 sahile inince, denizden p\u0131r\u0131l p\u0131r\u0131l odun, tahta par\u00e7alar\u0131 \u00e7\u0131k\u0131yor. Bir s\u00fcredir gide gele koca bir torba odun (driftwood) toplam\u0131\u015f oldum. Nihayet kafamdaki proje g\u00fcn y\u00fcz\u00fcne \u00e7\u0131kt\u0131 b\u00f6ylece. Benim i\u00e7ime sindi, denedim g\u00f6rd\u00fcm. Bundan sonra diledi\u011fim kadar \u00fcretebilirim .)<\/p>\n<a class=\"more-link\" href=\"https:\/\/duygusoysal.com\/index.php\/urun\/driftwood-mirror\/\">Devam\u0131n\u0131 Oku >>><\/a>","protected":false},"featured_media":4139,"comment_status":"open","ping_status":"closed","template":"","meta":[],"product_cat":[212],"product_tag":[235,501,506,307,240,237,236,504,310,229,308,502,503,241,325,500,311,508,507,509,239,505],"_links":{"self":[{"href":"https:\/\/duygusoysal.com\/index.php\/wp-json\/wp\/v2\/product\/4146"}],"collection":[{"href":"https:\/\/duygusoysal.com\/index.php\/wp-json\/wp\/v2\/product"}],"about":[{"href":"https:\/\/duygusoysal.com\/index.php\/wp-json\/wp\/v2\/types\/product"}],"replies":[{"embeddable":true,"href":"https:\/\/duygusoysal.com\/index.php\/wp-json\/wp\/v2\/comments?post=4146"}],"wp:featuredmedia":[{"embeddable":true,"href":"https:\/\/duygusoysal.com\/index.php\/wp-json\/wp\/v2\/media\/4139"}],"wp:attachment":[{"href":"https:\/\/duygusoysal.com\/index.php\/wp-json\/wp\/v2\/media?parent=4146"}],"wp:term":[{"taxonomy":"product_cat","embeddable":true,"href":"https:\/\/duygusoysal.com\/index.php\/wp-json\/wp\/v2\/product_cat?post=4146"},{"taxonomy":"product_tag","embeddable":true,"href":"https:\/\/duygusoysal.com\/index.php\/wp-json\/wp\/v2\/product_tag?post=4146"}],"curies":[{"name":"wp","href":"https:\/\/api.w.org\/{rel}","templated":true}]}}